when 248 is divided by 67.
47
What is the remainder when 208 is divided by 39?
13
What is the remainder when 247 is divided by 31?
30
Calculate the remainder when 262 is divided by 82.
16
What is the remainder when 190 is divided by 11?
3
What is the remainder when 89 is divided by 34?
21
What is the remainder when 2652 is divided by 83?
79
Calculate the remainder when 973 is divided by 47.
33
What is the remainder when 282 is divided by 152?
130
Calculate the remainder when 116 is divided by 40.
36
What is the remainder when 41 is divided by 13?
2
What is the remainder when 453 is divided by 26?
11
What is the remainder when 79 is divided by 9?
7
What is the remainder when 2838 is divided by 941?
15
Calculate the remainder when 1313 is divided by 47.
44
Calculate the remainder when 4729 is divided by 338.
335
Calculate the remainder when 179 is divided by 91.
88
What is the remainder when 23 is divided by 15?
8
What is the remainder when 15127 is divided by 39?
34
What is the remainder when 815 is divided by 136?
135
What is the remainder when 1510 is divided by 36?
34
Calculate the remainder when 155 is divided by 137.
18
Calculate the remainder when 321 is divided by 9.
6
What is the remainder when 294 is divided by 101?
92
Calculate the remainder when 141 is divided by 18.
15
What is the remainder when 4362 is divided by 118?
114
Calculate the remainder when 80 is divided by 30.
20
What is the remainder when 63 is divided by 25?
13
What is the remainder when 3998 is divided by 80?
78
What is the remainder when 393 is divided by 16?
9
What is the remainder when 17423 is divided by 8?
7
What is the remainder when 8 is divided by 8?
0
Calculate the remainder when 4962 is divided by 67.
4
Calculate the remainder when 170 is divided by 14.
2
What is the remainder when 196 is divided by 54?
34
Calculate the remainder when 81 is divided by 43.
38
Calculate the remainder when 517 is divided by 105.
97
What is the remainder when 798 is divided by 134?
128
What is the remainder when 306 is divided by 75?
6
Calculate the remainder when 402 is divided by 23.
11
Calculate the remainder when 2002 is divided by 67.
59
Calculate the remainder when 315 is divided by 59.
20
What is the remainder when 1944 is divided by 7?
5
What is the remainder when 296 is divided by 68?
24
What is the remainder when 2083 is divided by 148?
11
What is the remainder when 102 is divided by 79?
23
What is the remainder when 258 is divided by 10?
8
What is the remainder when 2463 is divided by 22?
21
Calculate the remainder when 23 is divided by 5.
3
What is the remainder when 63 is divided by 56?
7
What is the remainder when 79 is divided by 20?
19
What is the remainder when 822 is divided by 61?
29
What is the remainder when 12339 is divided by 6?
3
What is the remainder when 1010 is divided by 171?
155
What is the remainder when 59 is divided by 41?
18
Calculate the remainder when 788 is divided by 42.
32
What is the remainder when 395 is divided by 144?
107
Calculate the remainder when 63 is divided by 28.
7
What is the remainder when 761 is divided by 28?
5
Calculate the remainder when 2517 is divided by 90.
87
Calculate the remainder when 180 is divided by 25.
5
What is the remainder when 6476 is divided by 40?
36
What is the remainder when 199 is divided by 34?
29
Calculate the remainder when 175 is divided by 22.
21
Calculate the remainder when 645 is divided by 40.
5
What is the remainder when 10970 is divided by 2742?
2
What is the remainder when 99 is divided by 45?
9
What is the remainder when 86 is divided by 41?
4
Calculate the remainder when 3524 is divided by 587.
2
What is the remainder when 485 is divided by 128?
101
What is the remainder when 2008 is divided by 289?
274
What is the remainder when 1071 is divided by 74?
35
Calculate the remainder when 1674 is divided by 190.
154
Calculate the remainder when 37117 is divided by 32.
29
What is the remainder when 7654 is divided by 174?
172
What is the remainder when 1805 is divided by 139?
137
What is the remainder when 277 is divided by 99?
79
What is the remainder when 390 is divided by 66?
60
Calculate the remainder when 133 is divided by 2.
1
Calculate the remainder when 167 is divided by 7.
6
What is the remainder when 549 is divided by 194?
161
What is the remainder when 64 is divided by 13?
12
What is the remainder when 353 is divided by 174?
5
What is the remainder when 376 is divided by 29?
28
What is the remainder when 1633 is divided by 524?
61
What is the remainder when 4412 is divided by 734?
8
What is the remainder when 44 is divided by 13?
5
What is the remainder when 182 is divided by 47?
41
Calculate the remainder when 231 is divided by 35.
21
What is the remainder when 57 is divided by 12?
9
What is the remainder when 8445 is divided by 11?
8
What is the remainder when 111 is divided by 38?
35
Calculate the remainder when 94 is divided by 8.
6
Calculate the remainder when 530 is divided by 137.
119
What is the remainder when 252 is divided by 85?
82
Calculate the remainder when 661 is divided by 10.
1
Calculate the remainder when 223 is divided by 74.
1
What is the remainder when 2302 is divided by 24?
22
Calculate the remainder when 871 is divided by 33.
13
What is the remainder when 185 is divided by 55?
20
Calculate the remainder when 1742 is divided by 109.
107
What is the remainder when 2385 is divided by 60?
45
What is the remainder when 421 is divided by 39?
31
What is the remainder when 5155 is divided by 4?
3
What is the remainder when 1780 is divided by 119?
114
What is the remainder when 10829 is divided by 16?
13
What is the remainder when 260 is divided by 126?
8
Calculate the remainder when 169 is divided by 68.
33
Calculate the remainder when 868 is divided by 79.
78
Calculate the remainder when 111 is divided by 8.
7
What is the remainder when 339 is divided by 19?
16
What is the remainder when 1158 is divided by 19?
18
Calculate the remainder when 188 is divided by 113.
75
Calculate the remainder when 1233 is divided by 138.
129
What is the remainder when 2073 is divided by 98?
15
What is the remainder when 765 is divided by 77?
72
What is the remainder when 1036 is divided by 261?
253
What is the remainder when 160 is divided by 56?
48
What is the remainder when 958 is divided by 138?
130
Calculate the remainder when 2043 is divided by 22.
19
What is the remainder when 1996 is divided by 34?
24
Calculate the remainder when 567 is divided by 273.
21
What is the remainder when 249 is divided by 63?
60
Calculate the remainder when 446 is divided by 28.
26
What is the remainder when 39 is divided by 25?
14
Calculate the remainder when 141 is divided by 50.
41
Calculate the remainder when 736 is divided by 82.
80
Calculate the remainder when 402 is divided by 27.
24
Calculate the remainder when 179 is divided by 36.
35
What is the remainder when 20787 is divided by 9?
6
What is the remainder when 3238 is divided by 40?
38
What is the remainder when 607 is divided by 185?
52
What is the remainder when 249 is divided by 12?
9
What is the remainder when 5009 is divided by 1661?
26
What is the remainder when 124 is divided by 45?
34
Calculate the remainder when 23 is divided by 1.
0
Calculate the remainder when 281 is divided by 47.
46
What is the remainder when 51 is divided by 27?
24
Calculate the remainder when 1390 is divided by 13.
12
What is the remainder when 14 is divided by 7?
0
Calculate the remainder when 1524 is divided by 191.
187
What is the remainder when 217 is divided by 22?
19
What is the remainder when 18 is divided by 9?
0
Calculate the remainder when 252 is divided by 65.
57
Calculate the remainder when 1681 is divided by 44.
9
Calculate the remainder when 106 is divided by 35.
1
What is the remainder when 2064 is divided by 67?
54
What is the remainder when 161 is divided by 160?
1
What is the remainder when 95 is divided by 29?
8
What is the remainder when 3587 is divided by 46?
45
What is the remainder when 1289 is divided by 20?
9
What is the remainder when 1311 is divided by 162?
15
What is the remainder when 6587 is divided by 54?
53
Calculate the remainder when 8337 is divided by 28.
21
Calculate the remainder when 474 is divided by 25.
24
Calculate th